 divisor of 17787 and 6231379.
5929
What is the highest common factor of 3262896384 and 12?
12
Calculate the greatest common factor of 1002920326 and 237.
79
Calculate the highest common factor of 64 and 11530304.
64
Calculate the highest common factor of 615324500 and 5250.
1750
Calculate the highest common factor of 1488486 and 906.
6
Calculate the highest common divisor of 3050 and 376126.
122
Calculate the greatest common divisor of 3051 and 608731.
113
Calculate the greatest common divisor of 1010 and 440410.
10
Calculate the highest common divisor of 120 and 521932.
4
Calculate the greatest common divisor of 1544975 and 42775.
725
Calculate the greatest common divisor of 10268 and 342516.
68
What is the highest common factor of 2923550 and 140?
70
What is the greatest common divisor of 1361829 and 413?
7
What is the greatest common divisor of 6882 and 30377?
37
What is the highest common factor of 30 and 78541170?
30
Calculate the highest common divisor of 6915 and 1079355435.
6915
What is the greatest common divisor of 68 and 26161232?
68
Calculate the greatest common factor of 21880660 and 3815.
545
Calculate the highest common factor of 117768628 and 620.
124
What is the highest common factor of 2640 and 603949280?
880
What is the greatest common divisor of 11811 and 127243840?
3937
Calculate the greatest common divisor of 34816 and 53023.
17
Calculate the greatest common factor of 43777818 and 14.
14
Calculate the greatest common factor of 381409882 and 28.
14
What is the greatest common factor of 4789772 and 64480?
52
What is the greatest common factor of 17628076 and 86462?
5086
Calculate the greatest common factor of 170 and 227507498.
34
What is the greatest common divisor of 188040110 and 93?
31
Calculate the highest common factor of 3184100 and 136.
68
Calculate the highest common divisor of 45974 and 391541.
127
Calculate the highest common factor of 6251 and 3062325.
133
Calculate the greatest common divisor of 37 and 16161637.
37
What is the highest common factor of 1168926 and 4211636?
4378
Calculate the highest common divisor of 30803400 and 436.
436
Calculate the highest common divisor of 1373727 and 29.
1
What is the greatest common factor of 12444345 and 70740?
5895
Calculate the highest common divisor of 1824 and 155663637.
57
Calculate the highest common divisor of 1388 and 28536586.
694
What is the highest common factor of 107821 and 264383?
1477
What is the greatest common divisor of 63224286 and 4674?
114
What is the highest common factor of 63543 and 11598279?
177
Calculate the highest common factor of 2584 and 380.
76
What is the greatest common factor of 114677022 and 7299?
2433
Calculate the greatest common divisor of 1430 and 2854610.
110
What is the greatest common factor of 10914910 and 98880?
1030
Calculate the greatest common factor of 117235025 and 50.
25
Calculate the greatest common factor of 410 and 376963430.
410
Calculate the highest common factor of 430 and 54310.
10
What is the greatest common factor of 97272 and 16108552?
1544
Calculate the highest common factor of 7004 and 5811569.
1751
Calculate the greatest common divisor of 12 and 211264.
4
Calculate the greatest common factor of 23896404 and 21.
21
Calculate the highest common divisor of 2497 and 432689013.
227
Calculate the highest common divisor of 458538 and 48.
6
What is the highest common factor of 15 and 10783250?
5
Calculate the highest common factor of 25720 and 747960.
40
Calculate the highest common divisor of 2034 and 2351718.
18
What is the highest common divisor of 3 and 250475139?
3
What is the highest common divisor of 23087187 and 1539?
81
Calculate the highest common factor of 276 and 1544316.
12
What is the greatest common divisor of 95 and 37795237?
19
Calculate the greatest common factor of 513616 and 112012.
2732
Calculate the greatest common divisor of 121 and 38640503.
121
What is the greatest common divisor of 4408 and 100688?
232
What is the highest common divisor of 60 and 6250336?
4
Calculate the highest common divisor of 112346 and 67944.
298
Calculate the highest common factor of 155999 and 2131784.
607
Calculate the greatest common divisor of 14376920 and 25080.
760
What is the greatest common factor of 24 and 2734688?
8
Calculate the greatest common factor of 4424640 and 26400.
5280
Calculate the highest common divisor of 88 and 90302410.
22
What is the highest common divisor of 8153812 and 5491?
323
Calculate the greatest common divisor of 2307440 and 2640.
80
What is the highest common factor of 2086 and 42947611?
1043
What is the greatest common factor of 3019096 and 296?
8
What is the greatest common divisor of 285 and 295643895?
285
Calculate the highest common divisor of 135872 and 67342.
22
What is the highest common factor of 18 and 412738002?
18
Calculate the highest common factor of 551160 and 3576.
24
Calculate the highest common divisor of 546460 and 16442920.
6140
Calculate the highest common divisor of 1216196 and 8.
4
Calculate the greatest common factor of 401982 and 23098201.
3941
What is the highest common factor of 190 and 103507649?
19
Calculate the highest common factor of 5256 and 79172.
4
Calculate the greatest common divisor of 75068 and 1198790.
766
What is the highest common divisor of 164535 and 10185?
105
Calculate the greatest common divisor of 74958 and 734.
2
Calculate the greatest common factor of 199 and 3227.
1
What is the highest common factor of 15560 and 8976564?
1556
Calculate the highest common factor of 195317 and 3179264.
1129
What is the greatest common divisor of 330384884 and 46564?
6652
Calculate the greatest common factor of 66 and 81722982.
66
Calculate the highest common divisor of 59817 and 1008507.
381
Calculate the highest common factor of 7175 and 16869860.
1435
What is the highest common factor of 5998148 and 10274?
934
What is the highest common divisor of 716703 and 87308?
299
Calculate the greatest common divisor of 787493 and 209.
19
What is the greatest common divisor of 106335 and 25303140?
765
What is the greatest common factor of 133558 and 17286?
86
Calculate the greatest common divisor of 2440606 and 82.
2
Calculate the greatest common factor of 1843075 and 2600.
325
Calculate the greatest common divisor of 4235 and 74844.
77
Calculate the greatest common divisor of 658478 and 28936108.
6154
What is the greatest common factor of 6253230 and 3810?
30
What is the highest common divisor of 26 and 58050759?
13
What is the highest common factor of 186111555 and 10773?
399
What is the highest common divisor of 14584191 and 228?
57
What is the greatest common factor of 1264410 and 28590?
30
What is the greatest common divisor of 298547 and 1311622?
827
What is the highest common divisor of 42114358 and 429?
143
What is the greatest common factor of 140 and 686060?
20
Calculate the highest common divisor of 252 and 4518850.
14
What is the highest common factor of 4454132 and 1216?
76
Calculate the highest common divisor of 32562 and 2775006.
3618
What is the highest common divisor of 3608 and 256616?
8
What is the greatest common factor of 2658 and 85812644?
886
What is the greatest common factor of 27 and 100102419?
27
Calculate the greatest common divisor of 80 and 2215060.
20
What is the highest common divisor of 987 and 294609?
21
Calculate the greatest common factor of 587258982 and 7110.
1422
What is the greatest common factor of 238 and 17831436?
238
Calculate the greatest common factor of 59 and 727430647.
59
Calculate the highest common factor of 248476783 and 71.
71
What is the greatest common factor of 67413 and 23494896?
2931
Calculate the highest common divisor of 7994402 and 56810.
494
What is the greatest common divisor of 12464441 and 33?
11
What is the greatest common divisor of 45105395 and 161594?
1879
Calculate the highest common factor of 8295 and 18264405.
1185
Calculate the highest common factor of 16947047 and 469.
67
Calculate the highest common divisor of 319052 and 12284.
332
What is the greatest common factor of 456992 and 22496?
32
Calculate the highest common factor of 45 and 242146215.
45
Calculate the greatest common divisor of 574057778 and 56.
14
What is the greatest common factor of 42634410 and 4900?
490
Calculate the